4*o**2 + 45*o - 155. What is t(3)?
-11
Let m(h) = h**3 + 19*h**2 - 39*h - 1022. Calculate m(-18).
4
Let q(c) = c**3 + 10*c**2 - 28*c - 40. What is q(-12)?
8
Let q(l) = 24*l - 4. Determine q(-4).
-100
Let n(t) = -2*t**2 - 927*t - 5494. Determine n(-6).
-4
Let q(f) = -2*f**2 - 63*f + 2694. Determine q(24).
30
Let f(m) = -10*m**2 + 427*m + 134. Determine f(43).
5
Let p(t) = 3*t**3 - 8*t**2 - 23*t + 148. Give p(5).
208
Let i(r) = 774*r - 9289. What is i(12)?
-1
Let r(k) = 2*k**3 + 94*k**2 + 79*k + 258. Determine r(-46).
856
Let p(q) = -34*q + 118. What is p(3)?
16
Let t(y) = -215*y - 1100. Calculate t(-5).
-25
Let d(k) = -2*k**3 - 47*k**2 - 67*k - 33. What is d(-22)?
-11
Let b(v) = v**2 + 97*v + 725. Give b(-89).
13
Let y(l) = 132*l - 3631. Determine y(27).
-67
Let a(d) = -d**3 + 46*d**2 + 145*d - 37. What is a(49)?
-135
Let a(r) = -r**2 + 354*r - 2733. What is a(8)?
35
Let j(l) = -l**2 + 24*l - 108. Determine j(34).
-448
Let d(b) = b**2 - 172*b + 1184. Calculate d(165).
29
Let x(y) = 16161*y + 274730. Calculate x(-17).
-7
Let d(h) = -188*h + 2455. Give d(13).
11
Let x(s) = 2*s**2 + 22*s - 9. Determine x(-11).
-9
Let i(k) = -k**2 + 73*k - 1304. Determine i(40).
16
Let f(z) = -z**2 + 332*z + 1693. Give f(-5).
8
Let r(u) = -u**2 - 286*u + 868. Determine r(3).
1
Let v(x) = -3*x**3 + 156*x**2 - 2*x + 102. Give v(52).
-2
Let c(a) = -3*a**3 - 97*a**2 - 32*a - 55. Determine c(-32).
-55
Let o(n) = -14*n**2 + 27*n + 336. Determine o(6).
-6
Let z(b) = 2031*b - 192947. Calculate z(95).
-2
Let b(c) = 2*c**2 - 4*c - 56. Calculate b(0).
-56
Let z(o) = 28*o**2 + 9*o + 8. Calculate z(-1).
27
Let l(g) = -3*g**3 - 7*g**2 + 5*g + 58. Give l(-5).
233
Let c(v) = -v**3 - v**2 + 7*v + 67. Give c(0).
67
Let t(a) = -a**2 - 33*a + 332. What is t(9)?
-46
Let o(n) = n**3 - 37*n**2 + 36*n + 57. Give o(36).
57
Let s(u) = 2*u**3 + 38*u**2 + 39*u + 69. What is s(-18)?
15
Let f(s) = -s**2 + 39*s + 125. Calculate f(42).
-1
Let y(f) = 20*f**2 + 8*f - 11. Determine y(2).
85
Let b(h) = -h**2 + 18*h + 163. Calculate b(39).
-656
Let x(i) = -106*i + 2462. Calculate x(23).
24
Let s(f) = 376*f + 6766. Give s(-18).
-2
Let d(f) = -f**3 - 19*f**2 - 48*f - 112. Give d(-19).
800
Let c(b) = -9*b**2 - 85*b + 117. Give c(-12).
-159
Let m(l) = l**2 + 30*l - 765. What is m(-42)?
-261
Let a(x) = -46*x + 7. Determine a(-6).
283
Let r(p) = 2*p**3 + 12*p**2 - 14*p - 10. Calculate r(-7).
-10
Let b(i) = -12215*i + 122142. Determine b(10).
-8
Let a(u) = 615*u - 2462. Give a(4).
-2
Let a(x) = -4*x**3 + 6*x**2 + 17*x - 51. What is a(-4)?
233
Let f(k) = -8*k**3 - 287*k**2 + 37*k - 52. What is f(-36)?
-88
Let w(d) = 4*d**2 - 461*d - 7676. Give w(130).
-6
Let a(b) = 2*b**3 + 42*b**2 - 32*b + 91. Determine a(-22).
-173
Let u(b) = b**3 - 15*b**2 + 26*b - 23. What is u(13)?
-23
Let l(m) = -31*m - 15. Determine l(-3).
78
Let m(f) = -103*f**3 - 3*f**2 - 4*f + 5. What is m(1)?
-105
Let f(k) = 2*k + 83. Give f(-38).
7
Let g(m) = -30*m + 61. Give g(-7).
271
Let w(j) = -31*j + 469. Calculate w(15).
4
Let d(b) = -138*b + 272. Give d(2).
-4
Let q(j) = -42*j - 1584. What is q(-38)?
12
Let i(a) = -4*a**2 - 32*a - 20. What is i(-3)?
40
Let c(r) = 380*r + 532. Calculate c(-2).
-228
Let p(q) = -79*q - 413. Determine p(-5).
-18
Let i(p) = -5023*p + 35161. Give i(7).
0
Let u(g) = -g**3 + 43*g**2 - 119*g + 54. Determine u(40).
94
Let o(g) = -22*g + 4. Give o(12).
-260
Let p(g) = g**2 + 162*g + 926. What is p(-6)?
-10
Let t(k) = -234*k - 708. Calculate t(-3).
-6
Let t(x) = -2*x**2 - 38*x - 164. Calculate t(-13).
-8
Let d(r) = 8*r + 143. Calculate d(-3).
119
Let s(b) = b**3 - 8*b**2 - 47*b - 166. What is s(13)?
68
Let y(i) = -299*i**2 + 1205*i - 12. Calculate y(4).
24
Let c(x) = -4*x**2 + 39*x + 440. Determine c(-10).
-350
Let d(a) = -32*a**2 - 160. Determine d(0).
-160
Let d(r) = r**2 + 20*r + 73. Give d(-7).
-18
Let p(s) = 7*s**3 - 12*s**2 - 64*s - 155. Give p(-4).
-539
Let p(o) = -13*o - 72. Calculate p(13).
-241
Let b(d) = 111*d + 2178. Determine b(-11).
957
Let t(l) = -l**3 - 16*l**2 - 20*l - 15. Determine t(-14).
-127
Let a(y) = y**2 + 13*y - 406. Give a(15).
14
Let g(f) = 33*f - 116. Give g(2).
-50
Let g(m) = -51*m**2 + 27*m + 60. What is g(-2)?
-198
Let f(m) = -m**3 - 6*m**2 + 9*m + 40. Determine f(-6).
-14
Let n(o) = -125*o + 736. What is n(8)?
-264
Let h(f) = 97*f + 318. Calculate h(-3).
27
Let i(s) = -s**2 - 7*s + 960. What is i(-34)?
42
Let j(y) = y**3 + 23*y**2 - 326*y + 132. What is j(-33)?
0
Let t(r) = -100*r + 2520. Determine t(25).
20
Let j(r) = r**3 + 3*r**2 + 2*r + 29. What is j(-4)?
5
Let j(v) = v**3 - 6*v**2 - 7*v + 28. Give j(5).
-32
Let z(p) = -8*p + 6. What is z(-3)?
30
Let g(v) = -92*v + 17. Determine g(2).
-167
Let q(d) = 257*d + 7265. Give q(-29).
-188
Let o(q) = 2*q**2 - 38*q + 138. Determine o(6).
-18
Let k(r) = r**2 + 66*r + 1045. Determine k(-40).
5
Let b(x) = -x**3 - 9*x**2 - 21*x - 191. Calculate b(-9).
-2
Let k(h) = 238*h - 681. Calculate k(3).
33
Let z(k) = -k**2 + 51*k + 682. What is z(62)?
0
Let y(l) = -4*l**3 - 45*l**2 - 19*l - 36. What is y(-11)?
52
Let j(x) = 319*x + 25222. Determine j(-79).
21
Let x(f) = -2*f**3 + 29*f**2 + 1220*f + 29. Give x(33).
-4
Let l(j) = -6*j**2 + 189*j - 1118. What is l(8)?
10
Let i(q) = 5*q**2 - 266*q + 534. Calculate i(2).
22
Let u(s) = -3*s**2 + 16*s - 19. Give u(6).
-31
Let a(k) = -2*k**3 - 39*k**2 - 122*k - 3. Determine a(-4).
-11
Let a(m) = 469*m + 5586. Give a(-12).
-42
Let j(p) = 241*p**2 - 1695*p + 67. Give j(7).
11
Let z(q) = -11*q - 632. What is z(-12)?
-500
Let x(d) = d**3 - 14*d**2 + 25*d - 298. Calculate x(14).
52
Let u(k) = -4*k**2 + 197*k - 58. Calculate u(49).
-9
Let q(z) = z**3 - 28*z**2 + 202*z - 125. Give q(13).
-34
Let h(g) = -2*g**3 + 21*g**2 + 74*g + 9. Determine h(-3).
30
Let v(n) = 12*n - 232. What is v(11)?
-100
Let l(g) = g**3 + 39*g**2 + 72*g + 90. Determine l(-37).
164
Let k(o) = 3*o**3 - 2*o**2 - 5*o + 6. Determine k(4).
146
Let x(y) = -297*y - 6. Give x(0).
-6
Let k(f) = f**3 + 30*f**2 + 110*f + 156. What is k(-26)?
0
Let h(b) = b**3 - 7*b**2 + 31*b - 64. Give h(4).
12
Let p(a) = -103*a + 696. What is p(6)?
78
Let a(t) = t**3 - 3*t**2 - 1484*t + 52. Determine a(40).
-108
Let u(q) = 31*q - 413. What is u(17)?
114
Let s(z) = 204*z + 21020. Determine s(-103).
8
Let m(q) = -3*q**3 - 192*q**2 + 3*q + 243. Give m(-64).
51
Let z(l) = -l**3 - 16*l**2 + 14*l - 51. Give z(-17).
0
Let n(s) = 8*s**3 - 11*s**2 + 24*s - 18. Determine n(5).
827
Let d(t) = -t**2 - 10*t + 161. Determine d(-22).
-103
Let m(s) = -s**3 + 18*s**2 - 16*s + 112. Calculate m(17).
129
Let b(w) = w**2 + 75*w - 1279. Calculate b(-91).
177
Let m(f) = 37*f + 357. Calculate m(-4).
209
Let q(r) = 1005*r + 892. Determine q(-1).
-113
Let k(h) = 27*h + 114. Determine k(-13).
-237
Let r(y) = 10*y**3 + 21*y**2 + 15*y + 23. What is r(-2)?
-3
Let l(o) = -2*o**3 - 33*o**2 - 256*o - 3840. What is l(-16)?
0
Let m(a) = 6*a**2 + 45*a - 517. Calculate m(6).
-31
Let j(f) = f**3 + 8*f**2 - 7*f - 32. What is j(-5)?
78
Let w(b) = b**3 - 58*b**2 - 183*b + 27. Give w(61).
27
Let r(j) = 156*j - 618. Give r(4).
6
Let r(i) = -13*i**2 + 598*i + 17. What is r(45)?
602
Let l(d) = 1220*d + 17077. Calculate l(-14).
-3
Let d(x) = x**2 + 139*x - 577. Give d(4).
-5
Let s(r) = 2*r**3 + r**2 + 21*r + 3. What is s(-5)?
-327
Let n(q) = -5*q**2 - 87*q - 15. What is n(-18)?
-69
Let b(p) = -p**3 - 7*p**2 + 36*p + 100. Determine b(-10).
40
Let d(c) = 5*c**2 - 7*c + 6. Determine d(5).
96
Let l(t) = -96*t**2 + 11*t + 12. Determine l(-1).
-95
Let z(x) = -13*x**2 - 844*x + 48. What is z(-65)?
-17
Let p(o) = 40*o - 1922. What is p(49)?
38
Let p(d) = 2*d**2 + 26*d - 605. Give p(14).
151
Let w(o) = 16*o**2 - 104*o + 6. Give w(6).
-42
Let y(z) = 5*z**2 - 65*z + 41. Give y(13).
41
Let a(k) = -k**3 - k**2 + 52*k + 124. Give a(-6).
-8
Let s(q) = -4*q**2 - 7*q - 25. Calculate s(-2).
-27
Let k(q) = 22*q**2 - 12*q - 117. Determine k(5).
373
Let i(m) = m**3 + 14*m**2 + 62*m + 11. Calculate i(-7).
-80
Let h(t) = -265*t - 169. Determine h(-1).
96
Let l(n) = 140*n**2 + 148*n - 5. Calculate l(-1).
-13
Let m(b) = -87*b + 6604. Give m(76).
-8
Let r(v) = v**3 - 16*v**2 - 164*v - 24. Give r(-7).
-3
Let n(y) = -8*y**3 + 29*y**2 - 39*y + 20. Calculate n(2).
-6
Let p(s) = 2835*s + 73713. Give p(-26).
3
Let z(q) = 112*q + 1569. Calculate z(